e s(10).
89
Let n(f) = f**2 + 192*f - 186. Calculate n(0).
-186
Let h(u) = 89*u**2 + 18*u + 29. Calculate h(-2).
349
Let y(a) = 327*a + 2932. Calculate y(-9).
-11
Let k(w) = -76*w - 92. Determine k(-1).
-16
Let q(r) = -2*r**2 - 53*r - 107. Calculate q(-17).
216
Let l(x) = -x**2 + 45*x + 5346. Determine l(-54).
0
Let h(n) = -4*n**2 + 276*n - 831. Determine h(3).
-39
Let i(v) = -4529*v - 18089. Give i(-4).
27
Let h(a) = -5*a**2 + 3*a + 9. Determine h(5).
-101
Let o(k) = -107*k - 761. Determine o(-7).
-12
Let x(w) = -20*w - 1175. What is x(-70)?
225
Let f(o) = -10*o**2 + 47*o + 55. Determine f(4).
83
Let b(z) = z**3 - 7*z**2 - 16*z - 19. Determine b(9).
-1
Let g(m) = m**2 - 58*m + 520. Calculate g(46).
-32
Let m(j) = -2*j**2 - 32*j - 31. What is m(-12)?
65
Let r(j) = 3*j**3 - 21*j**2 - 93*j + 643. Determine r(7).
-8
Let v(w) = 208*w - 172. Calculate v(2).
244
Let h(d) = -d**3 - 14*d**2 - 21*d + 113. Calculate h(-5).
-7
Let y(d) = -165*d - 180. Calculate y(-1).
-15
Let r(k) = -675*k + 22975. What is r(34)?
25
Let d(f) = 213*f + 22134. What is d(-104)?
-18
Let l(q) = -260*q + 1567. Determine l(6).
7
Let t(q) = -808*q + 1618. Give t(2).
2
Let n(d) = -d**3 - 75*d**2 - 172*d - 1912. Give n(-73).
-14
Let t(x) = -13*x - 147. What is t(-19)?
100
Let m(n) = -n**3 + 143*n**2 - 561*n + 10. Determine m(4).
-10
Let j(l) = -l**3 + 9*l**2 + 17*l - 178. Calculate j(9).
-25
Let w(a) = a - 43. Give w(22).
-21
Let k(b) = 59*b + 1770. Give k(-30).
0
Let d(x) = -54*x**2 + 158*x + 7. Give d(3).
-5
Let r(f) = -48*f**2 + 3457*f - 67. Determine r(72).
5
Let o(t) = -128*t - 20715. Give o(-162).
21
Let f(x) = -4*x**2 + 94*x - 514. Calculate f(15).
-4
Let b(v) = v**3 + 18*v**2 + 10*v - 366. Give b(-16).
-14
Let d(w) = -11*w + 159. Calculate d(6).
93
Let f(k) = 6*k**2 + 72*k - 72. Calculate f(1).
6
Let z(y) = 800*y + 4848. Determine z(-6).
48
Let f(h) = 2*h**3 + 21*h**2 + 4*h - 58. Calculate f(-8).
230
Let q(w) = -42*w + 2886. Calculate q(67).
72
Let q(y) = -2*y**3 + 31*y**2 + 28*y - 2. Give q(-1).
3
Let t(g) = 21*g - 58. Determine t(3).
5
Let o(x) = -63*x - 224. Determine o(-7).
217
Let g(w) = -579*w + 6363. Give g(11).
-6
Let r(l) = 965*l + 20283. Calculate r(-21).
18
Let h(i) = i**3 - 26*i**2 + 53*i - 125. Determine h(24).
-5
Let q(s) = 16*s**2 + 237*s + 178. Determine q(-14).
-4
Let g(b) = -3*b**3 - 19*b**2 - 11*b + 46. Give g(-5).
1
Let z(v) = 75*v + 3901. Calculate z(-52).
1
Let m(u) = 2*u**2 - 300*u + 888. Determine m(147).
6
Let k(h) = h**2 + 15*h - 9. Determine k(-19).
67
Let z(a) = a**2 - 188*a + 563. Determine z(185).
8
Let a(f) = 2*f - 2. Give a(2).
2
Let s(u) = -u**3 - 7*u**2 - 3*u + 12. What is s(-6)?
-6
Let v(g) = -g**3 - 102*g**2 - 7*g - 700. Calculate v(-102).
14
Let x(o) = -o**3 + 13*o**2 + 9*o - 122. Determine x(13).
-5
Let s(q) = 5*q**2 - 31*q + 3. What is s(1)?
-23
Let v(k) = k**2 + 42*k - 405. Calculate v(-50).
-5
Let y(s) = -s**2 + 40*s + 162. Calculate y(41).
121
Let g(z) = -z**3 - 34*z**2 + 109*z - 76. Calculate g(-37).
-2
Let u(n) = n**3 - 143*n**2 + 44*n + 13881. Determine u(142).
-35
Let s(u) = 7*u - 166. Calculate s(15).
-61
Let z(d) = -21*d + 61. Determine z(-10).
271
Let d(s) = s**2 + 349*s + 1373. Give d(-4).
-7
Let k(v) = -7*v**2 + 990*v + 2990. What is k(-3)?
-43
Let m(d) = -15*d**2 + 803*d - 802. What is m(1)?
-14
Let x(q) = 29*q + 12. Calculate x(4).
128
Let q(c) = c**3 + 36*c**2 - 41*c + 69. Determine q(-37).
217
Let a(t) = -t**3 - 17*t**2 + 59*t + 17. Calculate a(-20).
37
Let w(v) = 55*v - 494. Calculate w(7).
-109
Let p(m) = 4*m**2 - 65*m - 1. Give p(10).
-251
Let h(z) = -z**3 + 7*z**2 + 61*z - 349. What is h(6)?
53
Let s(q) = -25*q**2 - 1024*q - 4467. Give s(-36).
-3
Let n(m) = m**2 + 26*m - 233. Give n(16).
439
Let v(k) = 4*k**2 + 61*k - 41. Determine v(-16).
7
Let k(l) = 63*l**3 - 7*l**2 - 2*l + 4. What is k(-1)?
-64
Let b(q) = 2*q**3 - 387*q**2 - 583*q - 395. Calculate b(195).
-5
Let d(i) = -33*i + 156. Calculate d(4).
24
Let z(r) = -2*r - 207. Give z(-14).
-179
Let q(f) = f**2 + 34*f + 170. Give q(-28).
2
Let s(a) = a**3 + 34*a**2 + 149*a + 108. Determine s(-29).
-8
Let f(g) = g**3 - 22*g**2 + 66*g + 7. Give f(16).
-473
Let s(b) = -b**3 - 57*b**2 - 160*b - 217. What is s(-54)?
-325
Let r(t) = -38*t + 2096. Calculate r(56).
-32
Let c(p) = -1084*p - 3321. Give c(-3).
-69
Let w(v) = -28*v**2 - 3*v - 5. Calculate w(-2).
-111
Let x(n) = -2*n**3 - 147*n**2 - 77*n - 251. Calculate x(-73).
41
Let d(n) = 2*n**3 - 13*n**2 - 10*n + 74. Calculate d(8).
186
Let z(a) = 3*a**2 - 6*a - 19. Determine z(-7).
170
Let d(j) = -3*j**2 - 92*j + 190. Give d(2).
-6
Let z(d) = -19*d - 104. What is z(-7)?
29
Let m(v) = v**3 + v**2 + 3*v. Calculate m(3).
45
Let g(p) = -3929*p + 27521. What is g(7)?
18
Let i(c) = -c**3 - 28*c**2 + 117*c - 327. Calculate i(-32).
25
Let v(g) = 32*g**2 + 43*g + 1. What is v(-1)?
-10
Let k(z) = 3*z**3 - 30*z**2 + 17*z - 33. Calculate k(10).
137
Let s(p) = 2*p**2 - 37*p + 56. Give s(16).
-24
Let r(s) = -92*s - 93. Determine r(-1).
-1
Let w(m) = -3*m**2 + 582*m + 2375. What is w(198)?
-1
Let q(u) = -360*u + 21954. Determine q(61).
-6
Let v(g) = -g**3 + 9*g**2 + 25*g + 132. What is v(12)?
0
Let y(z) = 8*z**2 + 130*z - 1734. What is y(-25)?
16
Let h(o) = 44*o - 2. Calculate h(-1).
-46
Let p(j) = -j**3 + 42*j**2 - 190*j + 2872. Calculate p(39).
25
Let z(s) = 3*s**3 - 19*s**2 + 26*s - 18. Calculate z(7).
262
Let g(y) = -3*y**3 + 87*y**2 + 179*y + 136. Give g(31).
-81
Let c(v) = -115*v**3 - 5*v + 4. Calculate c(1).
-116
Let h(x) = -3*x**2 - 24*x + 30. Calculate h(-9).
3
Let q(t) = -1024*t + 25600. What is q(25)?
0
Let l(p) = 2*p**2 - 104*p - 1065. Give l(61).
33
Let q(b) = b**3 - 134*b**2 - 1131*b - 685. What is q(142)?
25
Let y(r) = -20*r**2 + 325*r - 1. Calculate y(16).
79
Let g(y) = -271*y + 1375. Calculate g(5).
20
Let x(d) = d**2 - 72*d + 918. Calculate x(58).
106
Let h(u) = u**3 - 31*u**2 - 220*u + 5094. Calculate h(33).
12
Let n(c) = 6*c**2 + 223*c + 1295. Calculate n(-30).
5
Let l(y) = -y**2 - 204*y - 4932. Calculate l(-176).
-4
Let l(s) = -3*s**2 - 68*s - 31. Give l(-22).
13
Let b(j) = j**2 - 22*j - 1109. Determine b(48).
139
Let q(c) = -3*c**2 - 45*c + 549. What is q(8)?
-3
Let s(j) = -3113*j - 9345. What is s(-3)?
-6
Let y(r) = -334*r - 120. Determine y(-2).
548
Let h(v) = 2*v**3 - 34*v**2 - 9*v + 14. Give h(17).
-139
Let j(b) = 105*b**2 + 18379*b + 708. Determine j(-175).
8
Let i(a) = -a**3 + 9*a**2 + 9*a + 23. Give i(10).
13
Let g(z) = -3*z**3 - 2*z**2 + 119*z - 38. What is g(-7)?
60
Let s(j) = j**3 + 13*j**2 + 16*j - 9. Determine s(-11).
57
Let l(x) = -x**2 + 70*x + 10217. What is l(-72)?
-7
Let b(k) = 395*k + 3552. What is b(-9)?
-3
Let z(k) = k**3 - 14*k**2 - 689*k + 10516. What is z(16)?
4
Let j(w) = -w**3 - 30*w**2 - 64*w - 13. What is j(-28)?
211
Let u(i) = -63*i + 2043. Give u(34).
-99
Let w(g) = g**3 + 9*g - 44. Give w(4).
56
Let o(p) = p**3 - 74*p**2 + 65*p + 588. What is o(73)?
4
Let g(l) = 151*l + 8. Give g(1).
159
Let r(m) = 44*m - 1614. Determine r(36).
-30
Let i(j) = 53*j**2 + 22*j + 11. Determine i(-1).
42
Let s(k) = 11*k + 181. Give s(-14).
27
Let a(w) = -537*w + 4. Give a(0).
4
Let s(h) = -h**2 - 20*h + 444. What is s(-33)?
15
Let k(s) = -270*s + 540. Give k(2).
0
Let t(i) = 2*i**3 - 25*i**2 + 57*i - 300. What is t(11)?
-36
Let v(a) = a**3 - 15*a**2 + 33*a + 119. What is v(11)?
-2
Let t(n) = n**3 - 40*n**2 + 223*n + 37. Determine t(7).
-19
Let a(h) = h**2 - 9*h - 31. What is a(-3)?
5
Let j(g) = 29*g + 346. Calculate j(-12).
-2
Let q(s) = 110*s + 193. What is q(-2)?
-27
Let c(o) = -1472*o + 163394. Give c(111).
2
Let j(h) = -42*h - 851. Calculate j(-12).
-347
Let j(z) = -7*z**2 + 82*z - 11. What is j(12)?
-35
Let v(g) = -14*g - 480. Determine v(-32).
-32
Let y(t) = 4*t + 76. Determine y(-15).
16
Let x(t) = -3*t**2 + 47*t - 178. Calculate x(6).
-4
Let o(l) = -4*l**2 - 18*l. Give o(-4).
8
Let z(p) = -159*p**2 - 477*p - 11. Calculate z(-3).
-11
Let j(u) = 53*u + 1202. Give j(-31).
-441
Let n(z) = -112*z - 1154. Calculate n(-10).
-34
Let m(a) = 2*a**3 - 185*a**2 + 97*a - 462. Determine m(92).
-2
Let d(f) = 85*f + 427. What is d(-6)?
-83
Let l(d) = -2*d**3 - 26*d**2 - 24*d + 8. What is l(-12)?
8
Let j(k) = -63*k + 1165. Give j(19).
-32
Let s(o) = -56*o + 324. Determine s(5).
44
Let l(p) = -333*p + 5. Calculat